 3, what is 1021 + -10102?
-2011
In base 6, what is 1 - -300?
301
In base 12, what is -2a3 - 2?
-2a5
In base 15, what is 12 - 542?
-530
In base 10, what is 853 + 1?
854
In base 15, what is 19 + 11?
2a
In base 16, what is 0 - -103?
103
In base 10, what is -10 + 5?
-5
In base 2, what is -111 - -111110?
110111
In base 14, what is -113 + 4?
-10d
In base 15, what is b + -7c?
-71
In base 3, what is -100 - 200110?
-200210
In base 10, what is -5 - -56?
51
In base 4, what is -103 + 22?
-21
In base 6, what is 4431 + -4?
4423
In base 2, what is 10010000111 - -1?
10010001000
In base 16, what is 5 - -2f3?
2f8
In base 12, what is -612 + 7?
-607
In base 11, what is -515 + 1?
-514
In base 16, what is 38 - a?
2e
In base 8, what is 1463 - 0?
1463
In base 6, what is 33233 + -11?
33222
In base 14, what is -2 - -633?
631
In base 2, what is 100000100010101 - 1?
100000100010100
In base 9, what is 1713 + 2?
1715
In base 10, what is -4 + 141?
137
In base 10, what is 5 + 574?
579
In base 16, what is -127a + -1?
-127b
In base 6, what is -12 + 0?
-12
In base 6, what is 155 + -33?
122
In base 12, what is -1 + 63b?
63a
In base 7, what is 331 - -233?
564
In base 11, what is -25 + a2?
78
In base 5, what is -40 - -410?
320
In base 16, what is 2 + 78?
7a
In base 11, what is -43 - 22?
-65
In base 7, what is 60 - -5?
65
In base 14, what is a + 5?
11
In base 6, what is -54302 - -5?
-54253
In base 14, what is 8 + 170?
178
In base 12, what is -6a - -1?
-69
In base 9, what is 1 - 14?
-13
In base 15, what is -8c - -26?
-66
In base 16, what is 4 - -24?
28
In base 9, what is -3 - 4277?
-4281
In base 5, what is -10 + 2102?
2042
In base 16, what is -373 - -5?
-36e
In base 11, what is -4 + 77?
73
In base 8, what is -5 + 1503?
1476
In base 6, what is 0 + 22?
22
In base 2, what is 100 - 100011000?
-100010100
In base 14, what is 2 - 609?
-607
In base 5, what is -1033 + 3?
-1030
In base 3, what is 0 - -220021?
220021
In base 14, what is -2 - -21?
1d
In base 5, what is -3 + -211?
-214
In base 16, what is 4 + -e3?
-df
In base 6, what is 111 + 11?
122
In base 8, what is 1774 - -4?
2000
In base 2, what is 110 + 100111?
101101
In base 11, what is 209 - 1?
208
In base 16, what is 3ed + 5?
3f2
In base 8, what is 4 + 31?
35
In base 4, what is 321 - -2112?
3033
In base 14, what is -8 - -1c?
14
In base 12, what is 153 + -2?
151
In base 12, what is -1 + 1634?
1633
In base 9, what is 5 + -2313?
-2307
In base 8, what is 1261 + 0?
1261
In base 6, what is 5215 - 4?
5211
In base 15, what is 1b99 - -1?
1b9a
In base 4, what is 2023 + 10?
2033
In base 12, what is 205 - 1?
204
In base 9, what is -750 + -15?
-765
In base 5, what is 202 - 110?
42
In base 7, what is -4 + 2?
-2
In base 13, what is -12 - -a?
-5
In base 2, what is 11110001 + 11001?
100001010
In base 3, what is 1200 + -111?
1012
In base 9, what is -206 + -5?
-212
In base 13, what is -668 - 4?
-66c
In base 13, what is 4484 + -5?
447c
In base 2, what is 100 - -100010?
100110
In base 14, what is 37 + 188?
1c1
In base 14, what is 1 + 4d?
50
In base 12, what is -88b - -4?
-887
In base 7, what is -10 + 232?
222
In base 5, what is 1201 - -1?
1202
In base 14, what is -49 + 3?
-46
In base 15, what is -2d7e + 1?
-2d7d
In base 16, what is 1 - 58?
-57
In base 12, what is 568 + -18?
550
In base 14, what is 2 - 42?
-40
In base 3, what is -211100 - 12?
-211112
In base 8, what is -5304 + 4?
-5300
In base 5, what is -4 - 12240?
-12244
In base 6, what is -2 - -14?
12
In base 3, what is 221 - -1111?
2102
In base 10, what is 97 + -121?
-24
In base 6, what is -10 - -20544?
20534
In base 9, what is 588 - -50?
648
In base 12, what is -2 + -32?
-34
In base 6, what is 2021 - -40?
2101
In base 15, what is e5 + -5?
e0
In base 6, what is 240 - -354?
1034
In base 4, what is 113221 - -3?
113230
In base 13, what is -b9 + 0?
-b9
In base 11, what is -77 + -10?
-87
In base 11, what is 50a9 + 1?
50aa
In base 3, what is -12 - 2011020?
-2011102
In base 16, what is -5a - -2?
-58
In base 16, what is -195e + -2?
-1960
In base 13, what is -57 - 24?
-7b
In base 16, what is 13 + -14a?
-137
In base 11, what is 0 - 3?
-3
In base 8, what is -2 - 52?
-54
In base 8, what is -2730 - 0?
-2730
In base 8, what is 100 - -2?
102
In base 8, what is -3 + -76?
-101
In base 14, what is -72 + -3?
-75
In base 16, what is -e + -9?
-17
In base 3, what is 2 - -1012?
1021
In base 8, what is -5 - -65?
60
In base 2, what is -1100010 + 100?
-1011110
In base 16, what is -e1 + 3e?
-a3
In base 10, what is 3 - 2402?
-2399
In base 7, what is 344 + -5?
336
In base 6, what is -145 + 1?
-144
In base 3, what is 0 - 11010011?
-11010011
In base 14, what is 168 - -1b?
185
In base 10, what is -22 + -35?
-57
In base 14, what is 6 + -56?
-50
In base 10, what is -83 + -19?
-102
In base 9, what is -87 - -101?
3
In base 16, what is 36 - 1c?
1a
In base 7, what is 0 - -1000?
1000
In base 7, what is -15 - 4?
-22
In base 6, what is 3 - -21222?
21225
In base 6, what is 2320 - 4?
2312
In base 7, what is -11 - 30?
-41
In base 3, what is -101011 + -121?
-101202
In base 15, what is -6 - 85?
-8b
In base 3, what is 10200 + 22?
10222
In base 14, what is 2 - 27a2?
-27a0
In base 10, what is 5053 - 8?
5045
In base 12, what is 1b - -14a?
169
In base 3, what is 1 - 1112202?
-1112201
In base 16, what is 2 - c3?
-c1
In base 13, what is 1 + -62?
-61
In base 3, what is 10010 + -2?
10001
In base 8, what is -30 - -140?
110
In base 6, what is -14143 + 4?
-14135
In base 2, what is -100100 - -10010?
-10010
In base 16, what is -1 + -4c?
-4d
In base 12, what is 16a5 + 1?
16a6
In base 11, what is -1 - -64?
63
In base 7, what is -4006 - 6?
-4015
In base 16, what is 13 - -198?
1ab
In base 4, what is 1 - 0?
1
In base 2, what is -11010101 + 0?
-11010101
In base 5, what is -331 + -1?
-332
In base 5, what is 3 - -100030?
100033
In base 3, what is 21 + -112?
-21
In base 3, what is -10 + -100110?
-100120
In base 16, what is 6 + -33?
-2d
In base 7, what is 154 + 0?
154
In base 11, what is 3 - a6?
-a3
In base 14, what is 4 + 465?
469
In base 10, what is -15 + 24?
9
In base 15, what is 6 - -c?
13
In base 2, what is 11 + 10101010?
10101101
In base 13, what is -246 - -c?
-237
In base 7, what is -1 - 2422?
-2423
In base 10, what is 1 + -253?
-252
In base 3, what is -1 - -110220?
110212
In base 5, what is -2 - -220200?
220143
In base 4, what is 10 - 1323?
-1313
In base 4, what is -10332 - 20?
-11012
In base 3, what is 12 - 2022211?
-2022122
In base 16, what is 0 + -4d?
-4d
In base 14, what is b699 - -2?
b69b
In base 12, what is -3 - -8a8?
8a5
In base 11, what is 0 - 1214?
-1214
In base 8, what is 31302 + -4?
31276
In base 9, what is 2 + 22?
24
In base 15, what is -1c5 - 5?
-1ca
In base 14, what is -4 - 232?
-236
In base 3, what is -111101 - 112?
-111220
In base 9, what is -27 - 8?
-36
In base 10, what is -2326 - 0?
-2326
In base 15, what is 4 + -8c4?
-8c0
In base 10, what is 156 + 0?
156
In base 16, what is -a8 + -53?
-fb
In base 16, what is -d96 + 4?
-d92
In base 11, what is -1033 + -2?
-1035
In base 16, what is d - -15?
22
In base 2, what is -1000 + -100101100?
-100110100
In base 13, what is 2 - -324?
326
In base 13, what is -c - -2c?
20
In base 3, what is -1121 - -12?
-1102
In base 16, what is -d8 - 4?
-dc
In base 16, what is -3 + -e7?
-ea
In base 11, what is 1 - -339?
33a
In base 6, what is 5 - 3455?
-3450
In base 3, what is 12 + -11022222?
-11022210
In base 13, what is 1 - 85?
-84
In base 7, what is 0 + 1145?
1145
In base 16, what is 34 + -11?
23
In base 4, what is -1 + 101?
100
In base 10, what is 1539 - 3?
1536
In base 8, what is -43 + 31?
-12
In base 4, what is 2233202 - -2?
2233210
In base 9, what is 248 + 1?
250
In base 16, what is -457 + 9?
-44e
In base 8, what is -7653 - 3?
-7656
In base 13, what is 7 - -7?
11
In base 10, what is 2801 - -1?
2802
In base 7, what is -135 + -2?
-140
In base 16, what is -2137 + 2?
-2135
In base 4, what is -130111 + -3?
-130120
In base 9, what is -1 - 15?
-16
In base 10, what is 59 + -2?
57
In base 3, what is 111 - -2?
120
In base 11, what is 39 - -27?
65
In base 16, what is -3 - -ef?
ec
In base 9, what is 28 + -36?
-7
In base 2, what is -1001111 + -1?
-1010000
In base 10, what is -5 - -1?
-4
In base 6, what is 32 - -3?
35
In base 9, what is -6234 + 4?
-6230
In base 16, what is -9 + 5c?
53
In base 14, what is -2 + -18b?
-18d
In base 